{"id":293,"date":"2025-05-05T18:19:23","date_gmt":"2025-05-05T16:19:23","guid":{"rendered":"https:\/\/ctmsolar.com\/?page_id=293"},"modified":"2025-07-15T19:16:52","modified_gmt":"2025-07-15T17:16:52","slug":"nos-realisations","status":"publish","type":"page","link":"https:\/\/ctmsolar.com\/index.php\/nos-realisations\/","title":{"rendered":"Nos r\u00e9alisations"},"content":{"rendered":"\n<div class=\"wp-block-uagb-advanced-heading uagb-block-546fa8d1\"><h2 class=\"uagb-heading-text\">Remplacement de mat\u00e9riel d\u00e9fectueux<\/h2><\/div>\n\n\n\n<div class=\"wp-block-uagb-container uagb-block-tzcf5crt alignfull uagb-is-root-container\"><div class=\"uagb-container-inner-blocks-wrap\">\n<div class=\"wp-block-uagb-container uagb-block-kq4vf1dp\">\n<div class=\"wp-block-uagb-image alignleft uagb-block-dgnry6mg wp-block-uagb-image--layout-default wp-block-uagb-image--effect-static wp-block-uagb-image--align-left\"><figure class=\"wp-block-uagb-image__figure\"><img decoding=\"async\" srcset=\"https:\/\/ctmsolar.com\/wp-content\/uploads\/2025\/05\/IMG-20250409-WA0022-1024x768.jpg ,https:\/\/ctmsolar.com\/wp-content\/uploads\/2025\/05\/IMG-20250409-WA0022.jpg 780w, https:\/\/ctmsolar.com\/wp-content\/uploads\/2025\/05\/IMG-20250409-WA0022.jpg 360w\" sizes=\"auto, (max-width: 480px) 150px\" src=\"https:\/\/ctmsolar.com\/wp-content\/uploads\/2025\/05\/IMG-20250409-WA0022-1024x768.jpg\" alt=\"\" class=\"uag-image-296\" width=\"230\" height=\"360\" title=\"IMG-20250409-WA0022\" loading=\"lazy\" role=\"img\"\/><\/figure><\/div>\n\n\n\n<div class=\"wp-block-uagb-image alignleft uagb-block-ikmr9cq0 wp-block-uagb-image--layout-default wp-block-uagb-image--effect-static wp-block-uagb-image--align-left\"><figure class=\"wp-block-uagb-image__figure\"><img decoding=\"async\" srcset=\"https:\/\/ctmsolar.com\/wp-content\/uploads\/2025\/05\/IMG-20250409-WA0021-1024x768.jpg ,https:\/\/ctmsolar.com\/wp-content\/uploads\/2025\/05\/IMG-20250409-WA0021.jpg 780w, https:\/\/ctmsolar.com\/wp-content\/uploads\/2025\/05\/IMG-20250409-WA0021.jpg 360w\" sizes=\"auto, (max-width: 480px) 150px\" src=\"https:\/\/ctmsolar.com\/wp-content\/uploads\/2025\/05\/IMG-20250409-WA0021-1024x768.jpg\" alt=\"\" class=\"uag-image-297\" width=\"230\" height=\"360\" title=\"IMG-20250409-WA0021\" loading=\"lazy\" role=\"img\"\/><\/figure><\/div>\n<\/div>\n\n\n\n<div class=\"wp-block-group is-nowrap is-layout-flex wp-container-core-group-is-layout-ad2f72ca wp-block-group-is-layout-flex\">\n<div class=\"wp-block-uagb-container uagb-block-ygqmvwng\">\n<div class=\"wp-block-uagb-info-box uagb-block-95b99eb5 uagb-infobox__content-wrap  uagb-infobox-icon-above-title uagb-infobox-image-valign-top\"><div class=\"uagb-ifb-content\"><div class=\"uagb-ifb-title-wrap\"><\/div><p class=\"uagb-ifb-desc\">Maintenance curative d&rsquo;une centrale photovolta\u00efque<\/p><\/div><\/div>\n\n\n\n<div class=\"wp-block-uagb-info-box uagb-block-261ed5be uagb-infobox__content-wrap  uagb-infobox-icon-above-title uagb-infobox-image-valign-top\"><div class=\"uagb-ifb-content\"><div class=\"uagb-ifb-title-wrap\"><\/div><p class=\"uagb-ifb-desc\">Remplacement de modules ab\u00eem\u00e9s\/cass\u00e9s afin que votre installation reste optimale et productive.<\/p><\/div><\/div>\n<\/div>\n<\/div>\n<\/div><\/div>\n\n\n\n<div class=\"wp-block-uagb-advanced-heading uagb-block-20158e4c\"><h2 class=\"uagb-heading-text\">Modification de locaux \u00e9lectriques<\/h2><\/div>\n\n\n\n<div class=\"wp-block-uagb-container uagb-block-pmybw3jp alignfull uagb-is-root-container\"><div class=\"uagb-container-inner-blocks-wrap\">\n<div class=\"wp-block-uagb-container uagb-block-osgzork8\">\n<div class=\"wp-block-uagb-image alignleft uagb-block-cz54vv5w wp-block-uagb-image--layout-default wp-block-uagb-image--effect-static wp-block-uagb-image--align-left\"><figure class=\"wp-block-uagb-image__figure\"><img decoding=\"async\" srcset=\"https:\/\/ctmsolar.com\/wp-content\/uploads\/2025\/05\/IMG_4031-rotated.jpg ,https:\/\/ctmsolar.com\/wp-content\/uploads\/2025\/05\/IMG_4031-rotated.jpg 780w, https:\/\/ctmsolar.com\/wp-content\/uploads\/2025\/05\/IMG_4031-rotated.jpg 360w\" sizes=\"auto, (max-width: 480px) 150px\" src=\"https:\/\/ctmsolar.com\/wp-content\/uploads\/2025\/05\/IMG_4031-rotated.jpg\" alt=\"\" class=\"uag-image-354\" width=\"230\" height=\"360\" title=\"IMG_4031\" loading=\"lazy\" role=\"img\"\/><\/figure><\/div>\n\n\n\n<div class=\"wp-block-uagb-image alignleft uagb-block-feyvv65r wp-block-uagb-image--layout-default wp-block-uagb-image--effect-static wp-block-uagb-image--align-left\"><figure class=\"wp-block-uagb-image__figure\"><img decoding=\"async\" srcset=\"https:\/\/ctmsolar.com\/wp-content\/uploads\/2025\/05\/IMG_4033-rotated.jpg ,https:\/\/ctmsolar.com\/wp-content\/uploads\/2025\/05\/IMG_4033-rotated.jpg 780w, https:\/\/ctmsolar.com\/wp-content\/uploads\/2025\/05\/IMG_4033-rotated.jpg 360w\" sizes=\"auto, (max-width: 480px) 150px\" src=\"https:\/\/ctmsolar.com\/wp-content\/uploads\/2025\/05\/IMG_4033-rotated.jpg\" alt=\"\" class=\"uag-image-355\" width=\"230\" height=\"360\" title=\"IMG_4033\" loading=\"lazy\" role=\"img\"\/><\/figure><\/div>\n<\/div>\n\n\n\n<div class=\"wp-block-uagb-container uagb-block-rqwxibef\">\n<div class=\"wp-block-uagb-info-box uagb-block-6j0elr3o uagb-infobox__content-wrap  uagb-infobox-icon-above-title uagb-infobox-image-valign-top\"><div class=\"uagb-ifb-content\"><div class=\"uagb-ifb-title-wrap\"><\/div><p class=\"uagb-ifb-desc\">Retour sur la r\u00e9alisation d&rsquo;une protection d&rsquo;un poste filtre d&rsquo;une centrale photovolta\u00efque au sol de 24 MW.<\/p><\/div><\/div>\n\n\n\n<div class=\"wp-block-uagb-info-box uagb-block-1ab971dc uagb-infobox__content-wrap  uagb-infobox-icon-above-title uagb-infobox-image-valign-top\"><div class=\"uagb-ifb-content\"><div class=\"uagb-ifb-title-wrap\"><\/div><p class=\"uagb-ifb-desc\">Cette op\u00e9ration permet d&rsquo;assurer la s\u00e9curit\u00e9 des intervenants lors de la maintenance.<\/p><\/div><\/div>\n<\/div>\n<\/div><\/div>\n\n\n\n<div class=\"wp-block-uagb-advanced-heading uagb-block-2abb15fc\"><h2 class=\"uagb-heading-text\">Entretien de centrales photovolta\u00efques<\/h2><\/div>\n\n\n\n<div class=\"wp-block-uagb-container uagb-block-bch55jnl alignfull uagb-is-root-container\"><div class=\"uagb-container-inner-blocks-wrap\">\n<div class=\"wp-block-uagb-info-box uagb-block-li2fmavi uagb-infobox__content-wrap  uagb-infobox-icon-above-title uagb-infobox-image-valign-top\"><div class=\"uagb-ifb-content\"><div class=\"uagb-ifb-title-wrap\"><\/div><p class=\"uagb-ifb-desc\">R\u00e9alisation de notre si\u00e8ge social avec son installation photovolta\u00efque autonome.<\/p><\/div><\/div>\n\n\n\n<div class=\"wp-block-uagb-container uagb-layout-grid uagb-block-gnwwmzg8\">\n<div class=\"wp-block-uagb-image alignleft uagb-block-oudxpvix wp-block-uagb-image--layout-default wp-block-uagb-image--effect-static wp-block-uagb-image--align-left\"><figure class=\"wp-block-uagb-image__figure\"><img decoding=\"async\" srcset=\"https:\/\/ctmsolar.com\/wp-content\/uploads\/2025\/03\/IMG_9338-1024x768.jpg ,https:\/\/ctmsolar.com\/wp-content\/uploads\/2025\/03\/IMG_9338.jpg 780w, https:\/\/ctmsolar.com\/wp-content\/uploads\/2025\/03\/IMG_9338.jpg 360w\" sizes=\"auto, (max-width: 480px) 150px\" src=\"https:\/\/ctmsolar.com\/wp-content\/uploads\/2025\/03\/IMG_9338-1024x768.jpg\" alt=\"\" class=\"uag-image-170\" width=\"792\" height=\"446\" title=\"IMG_9338\" loading=\"lazy\" role=\"img\"\/><\/figure><\/div>\n\n\n\n<div class=\"wp-block-uagb-image alignleft uagb-block-5etk1zfl wp-block-uagb-image--layout-default wp-block-uagb-image--effect-static wp-block-uagb-image--align-left\"><figure class=\"wp-block-uagb-image__figure\"><img decoding=\"async\" srcset=\"https:\/\/ctmsolar.com\/wp-content\/uploads\/2025\/03\/IMG_9341-1024x768.jpg ,https:\/\/ctmsolar.com\/wp-content\/uploads\/2025\/03\/IMG_9341.jpg 780w, https:\/\/ctmsolar.com\/wp-content\/uploads\/2025\/03\/IMG_9341.jpg 360w\" sizes=\"auto, (max-width: 480px) 150px\" src=\"https:\/\/ctmsolar.com\/wp-content\/uploads\/2025\/03\/IMG_9341-1024x768.jpg\" alt=\"\" class=\"uag-image-172\" width=\"385\" height=\"446\" title=\"IMG_9341\" loading=\"lazy\" role=\"img\"\/><\/figure><\/div>\n<\/div>\n\n\n\n<div class=\"wp-block-uagb-container uagb-layout-grid uagb-block-phfxvqq6\">\n<div class=\"wp-block-uagb-image alignleft uagb-block-32gxrfoc wp-block-uagb-image--layout-default wp-block-uagb-image--effect-static wp-block-uagb-image--align-left\"><figure class=\"wp-block-uagb-image__figure\"><img decoding=\"async\" srcset=\"https:\/\/ctmsolar.com\/wp-content\/uploads\/2025\/05\/IMG_9337-1024x768.jpg ,https:\/\/ctmsolar.com\/wp-content\/uploads\/2025\/05\/IMG_9337.jpg 780w, https:\/\/ctmsolar.com\/wp-content\/uploads\/2025\/05\/IMG_9337.jpg 360w\" sizes=\"auto, (max-width: 480px) 150px\" src=\"https:\/\/ctmsolar.com\/wp-content\/uploads\/2025\/05\/IMG_9337-1024x768.jpg\" alt=\"\" class=\"uag-image-359\" width=\"792\" height=\"466\" title=\"IMG_9337\" loading=\"lazy\" role=\"img\"\/><\/figure><\/div>\n<\/div>\n<\/div><\/div>\n\n\n\n<div class=\"wp-block-uagb-container uagb-block-8zhxwy3f alignfull uagb-is-root-container\"><div class=\"uagb-container-inner-blocks-wrap\">\n<div class=\"wp-block-uagb-info-box uagb-block-j5amk4pf uagb-infobox__content-wrap  uagb-infobox-icon-above-title uagb-infobox-image-valign-top\"><div class=\"uagb-ifb-content\"><div class=\"uagb-ifb-title-wrap\"><\/div><p class=\"uagb-ifb-desc\">La maintenance pr\u00e9ventive c&rsquo;est aussi notre professionnalisme au service de nettoyage de centrale photovolta\u00efque<\/p><\/div><\/div>\n\n\n\n<div class=\"wp-block-uagb-container uagb-layout-grid uagb-block-zmtlb9fe\">\n<div class=\"wp-block-uagb-container uagb-layout-grid uagb-block-lnadd8b9\">\n<div class=\"wp-block-uagb-image alignleft uagb-block-wrfdojju wp-block-uagb-image--layout-default wp-block-uagb-image--effect-static wp-block-uagb-image--align-left\"><figure class=\"wp-block-uagb-image__figure\"><img decoding=\"async\" srcset=\"https:\/\/ctmsolar.com\/wp-content\/uploads\/2025\/05\/IMG_4059-1-scaled.jpg ,https:\/\/ctmsolar.com\/wp-content\/uploads\/2025\/05\/IMG_4059-1-scaled.jpg 780w, https:\/\/ctmsolar.com\/wp-content\/uploads\/2025\/05\/IMG_4059-1-scaled.jpg 360w\" sizes=\"auto, (max-width: 480px) 150px\" src=\"https:\/\/ctmsolar.com\/wp-content\/uploads\/2025\/05\/IMG_4059-1-scaled.jpg\" alt=\"\" class=\"uag-image-382\" width=\"588\" height=\"393\" title=\"IMG_4059\" loading=\"lazy\" role=\"img\"\/><\/figure><\/div>\n\n\n\n<div class=\"wp-block-uagb-image alignleft uagb-block-r5xjsylh wp-block-uagb-image--layout-default wp-block-uagb-image--effect-static wp-block-uagb-image--align-left\"><figure class=\"wp-block-uagb-image__figure\"><img decoding=\"async\" srcset=\"https:\/\/ctmsolar.com\/wp-content\/uploads\/2025\/05\/IMG_4061-1024x768.jpg ,https:\/\/ctmsolar.com\/wp-content\/uploads\/2025\/05\/IMG_4061-scaled.jpg 780w, https:\/\/ctmsolar.com\/wp-content\/uploads\/2025\/05\/IMG_4061-scaled.jpg 360w\" sizes=\"auto, (max-width: 480px) 150px\" src=\"https:\/\/ctmsolar.com\/wp-content\/uploads\/2025\/05\/IMG_4061-1024x768.jpg\" alt=\"\" class=\"uag-image-378\" width=\"588\" height=\"393\" title=\"IMG_4061\" loading=\"lazy\" role=\"img\"\/><\/figure><\/div>\n<\/div>\n<\/div>\n<\/div><\/div>\n\n\n\n<div class=\"wp-block-uagb-advanced-heading uagb-block-64f95dd1\"><h2 class=\"uagb-heading-text\">Thermographie<\/h2><\/div>\n\n\n\n<div class=\"wp-block-uagb-container uagb-block-cxizxsed alignfull uagb-is-root-container\"><div class=\"uagb-container-inner-blocks-wrap\">\n<div class=\"wp-block-uagb-container uagb-block-s7wjgv9i\">\n<div class=\"wp-block-uagb-info-box uagb-block-u42jd3oi uagb-infobox__content-wrap  uagb-infobox-icon-above-title uagb-infobox-image-valign-top\"><div class=\"uagb-ifb-content\"><div class=\"uagb-ifb-title-wrap\"><p class=\"uagb-ifb-title-prefix\">Toiture Concerto<\/p><\/div><p class=\"uagb-ifb-desc\">Utilisation de la thermographie pour d\u00e9tection de panneaux d\u00e9fectueux \u00e0 remplacer<\/p><\/div><\/div>\n<\/div>\n\n\n\n<div class=\"wp-block-uagb-container uagb-block-otevd57w\">\n<div class=\"wp-block-uagb-image alignleft uagb-block-pj1yywlu wp-block-uagb-image--layout-default wp-block-uagb-image--effect-static wp-block-uagb-image--align-left\"><figure class=\"wp-block-uagb-image__figure\"><img decoding=\"async\" srcset=\"https:\/\/ctmsolar.com\/wp-content\/uploads\/2025\/05\/FLIR5213.jpg ,https:\/\/ctmsolar.com\/wp-content\/uploads\/2025\/05\/FLIR5213.jpg 780w, https:\/\/ctmsolar.com\/wp-content\/uploads\/2025\/05\/FLIR5213.jpg 360w\" sizes=\"auto, (max-width: 480px) 150px\" src=\"https:\/\/ctmsolar.com\/wp-content\/uploads\/2025\/05\/FLIR5213.jpg\" alt=\"\" class=\"uag-image-551\" width=\"411\" height=\"375\" title=\"FLIR5213\" loading=\"lazy\" role=\"img\"\/><\/figure><\/div>\n\n\n\n<div class=\"wp-block-uagb-image alignleft uagb-block-unjsyf1y wp-block-uagb-image--layout-default wp-block-uagb-image--effect-static wp-block-uagb-image--align-left\"><figure class=\"wp-block-uagb-image__figure\"><img decoding=\"async\" srcset=\"https:\/\/ctmsolar.com\/wp-content\/uploads\/2025\/05\/cables-solaires-rotated.jpg ,https:\/\/ctmsolar.com\/wp-content\/uploads\/2025\/05\/cables-solaires-rotated.jpg 780w, https:\/\/ctmsolar.com\/wp-content\/uploads\/2025\/05\/cables-solaires-rotated.jpg 360w\" sizes=\"auto, (max-width: 480px) 150px\" src=\"https:\/\/ctmsolar.com\/wp-content\/uploads\/2025\/05\/cables-solaires-rotated.jpg\" alt=\"\" class=\"uag-image-550\" width=\"396\" height=\"360\" title=\"cables solaires\" loading=\"lazy\" role=\"img\"\/><\/figure><\/div>\n<\/div>\n<\/div><\/div>\n\n\n\n<div class=\"wp-block-uagb-advanced-heading uagb-block-30727acb\"><h2 class=\"uagb-heading-text\">Travaux de terrassement<\/h2><\/div>\n\n\n\n<div class=\"wp-block-uagb-container uagb-block-e92xuq6q alignfull uagb-is-root-container\"><div class=\"uagb-container-inner-blocks-wrap\">\n<div class=\"wp-block-uagb-container uagb-block-7k8451u7\">\n<div class=\"wp-block-uagb-info-box uagb-block-h3hkttdw uagb-infobox__content-wrap  uagb-infobox-icon-above-title uagb-infobox-image-valign-top\"><div class=\"uagb-ifb-content\"><div class=\"uagb-ifb-title-wrap\"><\/div><p class=\"uagb-ifb-desc\">Pour tout projet de centrale photovolta\u00efque, qu&rsquo;il s&rsquo;agisse d&rsquo;une installation au sol, en ombri\u00e8re ou m\u00eame flottante, la <strong>phase de terrassement est l&rsquo;\u00e9tape initiale et cruciale<\/strong> qui garantit la p\u00e9rennit\u00e9 et la performance de votre infrastructure. Chez CTM Solar, nous pr\u00e9parons vos terrains pour l&rsquo;implantation de syst\u00e8mes complexes, assurant une base solide et conforme aux exigences techniques et environnementales.<\/p><\/div><\/div>\n<\/div>\n\n\n\n<div class=\"wp-block-uagb-container uagb-block-uvz0aqlv\">\n<div class=\"wp-block-uagb-image alignleft uagb-block-84v7zgwo wp-block-uagb-image--layout-default wp-block-uagb-image--effect-static wp-block-uagb-image--align-left\"><figure class=\"wp-block-uagb-image__figure\"><img decoding=\"async\" srcset=\"https:\/\/ctmsolar.com\/wp-content\/uploads\/2025\/06\/terrassement-1-rotated.jpg ,https:\/\/ctmsolar.com\/wp-content\/uploads\/2025\/06\/terrassement-1-rotated.jpg 780w, https:\/\/ctmsolar.com\/wp-content\/uploads\/2025\/06\/terrassement-1-rotated.jpg 360w\" sizes=\"auto, (max-width: 480px) 150px\" src=\"https:\/\/ctmsolar.com\/wp-content\/uploads\/2025\/06\/terrassement-1-rotated.jpg\" alt=\"\" class=\"uag-image-582\" width=\"270\" height=\"360\" title=\"terrassement 1\" loading=\"lazy\" role=\"img\"\/><\/figure><\/div>\n\n\n\n<div class=\"wp-block-uagb-image alignleft uagb-block-rcdifost wp-block-uagb-image--layout-default wp-block-uagb-image--effect-static wp-block-uagb-image--align-left\"><figure class=\"wp-block-uagb-image__figure\"><img decoding=\"async\" srcset=\"https:\/\/ctmsolar.com\/wp-content\/uploads\/2025\/06\/terrassement-2-rotated.jpg ,https:\/\/ctmsolar.com\/wp-content\/uploads\/2025\/06\/terrassement-2-rotated.jpg 780w, https:\/\/ctmsolar.com\/wp-content\/uploads\/2025\/06\/terrassement-2-rotated.jpg 360w\" sizes=\"auto, (max-width: 480px) 150px\" src=\"https:\/\/ctmsolar.com\/wp-content\/uploads\/2025\/06\/terrassement-2-rotated.jpg\" alt=\"\" class=\"uag-image-583\" width=\"270\" height=\"360\" title=\"terrassement 2\" loading=\"lazy\" role=\"img\"\/><\/figure><\/div>\n<\/div>\n<\/div><\/div>\n\n\n\n<hr class=\"wp-block-separator has-alpha-channel-opacity\"\/>\n","protected":false},"excerpt":{"rendered":"<p>Remplacement de mat\u00e9riel d\u00e9fectueux Modification de locaux \u00e9lectriques Entretien de centrales photovolta\u00efques Thermographie Travaux de terrassement<\/p>\n","protected":false},"author":1,"featured_media":0,"parent":0,"menu_order":0,"comment_status":"closed","ping_status":"closed","template":"","meta":{"_uag_custom_page_level_css":"","footnotes":""},"class_list":["post-293","page","type-page","status-publish","hentry"],"uagb_featured_image_src":{"full":false,"thumbnail":false,"medium":false,"medium_large":false,"large":false,"1536x1536":false,"2048x2048":false},"uagb_author_info":{"display_name":"admin6120","author_link":"https:\/\/ctmsolar.com\/index.php\/author\/admin6120\/"},"uagb_comment_info":0,"uagb_excerpt":"Remplacement de mat\u00e9riel d\u00e9fectueux Modification de locaux \u00e9lectriques Entretien de centrales photovolta\u00efques Thermographie Travaux de terrassement","_links":{"self":[{"href":"https:\/\/ctmsolar.com\/index.php\/wp-json\/wp\/v2\/pages\/293","targetHints":{"allow":["GET"]}}],"collection":[{"href":"https:\/\/ctmsolar.com\/index.php\/wp-json\/wp\/v2\/pages"}],"about":[{"href":"https:\/\/ctmsolar.com\/index.php\/wp-json\/wp\/v2\/types\/page"}],"author":[{"embeddable":true,"href":"https:\/\/ctmsolar.com\/index.php\/wp-json\/wp\/v2\/users\/1"}],"replies":[{"embeddable":true,"href":"https:\/\/ctmsolar.com\/index.php\/wp-json\/wp\/v2\/comments?post=293"}],"version-history":[{"count":51,"href":"https:\/\/ctmsolar.com\/index.php\/wp-json\/wp\/v2\/pages\/293\/revisions"}],"predecessor-version":[{"id":628,"href":"https:\/\/ctmsolar.com\/index.php\/wp-json\/wp\/v2\/pages\/293\/revisions\/628"}],"wp:attachment":[{"href":"https:\/\/ctmsolar.com\/index.php\/wp-json\/wp\/v2\/media?parent=293"}],"curies":[{"name":"wp","href":"https:\/\/api.w.org\/{rel}","templated":true}]}}